3670983357?
3
What is the thousands digit of 142914005?
4
What is the hundred millions digit of 759627988?
7
What is the hundred thousands digit of 857088759?
0
What is the tens digit of 51732818?
1
What is the thousands digit of 4501495?
1
What is the hundred thousands digit of 446734563?
7
What is the millions digit of 1641695977?
1
What is the ten millions digit of 1691554875?
9
What is the hundreds digit of 288088157?
1
What is the ten thousands digit of 68888509?
8
What is the hundreds digit of 550254646?
6
What is the ten millions digit of 1473282422?
7
What is the hundred thousands digit of 1300173980?
1
What is the millions digit of 167356335?
7
What is the tens digit of 61636110?
1
What is the hundred millions digit of 4275621677?
2
What is the millions digit of 13381311?
3
What is the tens digit of 43950712?
1
What is the millions digit of 2710543043?
0
What is the millions digit of 86913965?
6
What is the ten millions digit of 1861762330?
6
What is the units digit of 418253830?
0
What is the thousands digit of 546857965?
7
What is the millions digit of 2343799383?
3
What is the hundreds digit of 7792637203?
2
What is the units digit of 9968873?
3
What is the millions digit of 44246006?
4
What is the ten thousands digit of 23106464?
0
What is the tens digit of 43639239?
3
What is the thousands digit of 240389575?
9
What is the ten thousands digit of 48012314?
1
What is the hundreds digit of 46695335?
3
What is the ten thousands digit of 15879633?
7
What is the ten thousands digit of 92199070?
9
What is the thousands digit of 4166423035?
3
What is the millions digit of 135014135?
5
What is the tens digit of 47418866?
6
What is the ten thousands digit of 45885562?
8
What is the units digit of 54141579?
9
What is the ten thousands digit of 879974309?
7
What is the billions digit of 4686563434?
4
What is the thousands digit of 288463842?
3
What is the ten millions digit of 23545800?
2
What is the hundred millions digit of 175290315?
1
What is the thousands digit of 40564426?
4
What is the ten millions digit of 1440392935?
4
What is the tens digit of 69584196?
9
What is the ten thousands digit of 52865487?
6
What is the thousands digit of 68402272?
2
What is the hundred thousands digit of 550314215?
3
What is the thousands digit of 324156643?
6
What is the units digit of 291077478?
8
What is the hundred thousands digit of 263643113?
6
What is the millions digit of 1182800046?
2
What is the ten thousands digit of 185403204?
0
What is the hundreds digit of 338904685?
6
What is the hundred millions digit of 2684324447?
6
What is the hundreds digit of 50405567?
5
What is the thousands digit of 930384330?
4
What is the hundreds digit of 155489856?
8
What is the hundred millions digit of 5107200833?
1
What is the millions digit of 49403122?
9
What is the tens digit of 1450528016?
1
What is the hundred thousands digit of 1601448254?
4
What is the millions digit of 307533395?
7
What is the ten thousands digit of 13535425?
3
What is the billions digit of 4494490842?
4
What is the hundred millions digit of 1539286391?
5
What is the units digit of 2951995189?
9
What is the thousands digit of 54378356?
8
What is the thousands digit of 1409040296?
0
What is the hundred thousands digit of 74475792?
4
What is the hundred thousands digit of 4185541421?
5
What is the hundreds digit of 6333053?
0
What is the ten thousands digit of 418038641?
3
What is the tens digit of 71919617?
1
What is the ten millions digit of 128306022?
2
What is the units digit of 15567212?
2
What is the hundreds digit of 3604513440?
4
What is the millions digit of 570522310?
0
What is the millions digit of 1564288985?
4
What is the ten millions digit of 618763877?
1
What is the units digit of 226313733?
3
What is the thousands digit of 2580641744?
1
What is the hundred thousands digit of 885361534?
3
What is the tens digit of 159912928?
2
What is the hundred millions digit of 518247541?
5
What is the hundred thousands digit of 142045733?
0
What is the units digit of 3943788641?
1
What is the hundred millions digit of 480275751?
4
What is the thousands digit of 486803015?
3
What is the millions digit of 516376209?
6
What is the millions digit of 17626629?
7
What is the hundred millions digit of 1842128013?
8
What is the hundreds digit of 351924008?
0
What is the ten millions digit of 5960788567?
6
What is the hundreds digit of 57623601?
6
What is the ten thousands digit of 416967384?
6
What is the units digit of 449183842?
2
What is the ten thousands digit of 75354916?
5
What is the hundred millions digit of 143551977?
1
What is the hundred millions digit of 331599238?
3
What is the hundred millions digit of 1036836626?
0
What is the thousands digit of 92572675?
2
What is the units digit of 506993421?
1
What is the hundred thousands digit of 179480050?
4
What is the hundred thousands digit of 6188984974?
9
What is the millions digit of 15135687?
5
What is the tens digit of 2718241544?
4
What is the millions digit of 1079224183?
9
What is the tens digit of 75537539?
3
What is the tens digit of 95441486?
8
What is the tens digit of 174896444?
4
What is the billions digit of 2462973050?
2
What is the hundreds digit of 70837865?
8
What is the thousands digit of 47096579?
6
What is the ten thousands digit of 884998769?
9
What is the millions digit of 18835115?
8
What is the ten millions digit of 129896747?
2
What is the hundred millions digit of 3419840512?
4
What is the hundred millions digit of 259830859?
2
What is the ten thousands digit of 27980907?
8
What is the hundred thousands digit of 6533327803?
3
What is the ten millions digit of 1576796808?
7
What is the thousands digit of 85484969?
4
What is the units digit of 188818699?
9
What is the hundreds digit of 147854034?
0
What is the millions digit of 8539648?
8
What is the thousands digit of 170980828?
0
What is the millions digit of 844306333?
4
What is the hundred millions digit of 1221826472?
2
What is the ten millions digit of 832567112?
3
What is the hundred thousands digit of 15627255?
6
What is the units digit of 160614217?
7
What is the hundred thousands digit of 40756428?
7
What is the millions digit of 58926450?
8
What is the hundred thousands digit of 1998507642?
5
What is the thousands digit of 63729396?
9
What is the hundreds digit of 163687052?
0
What is the hundreds digit of 482167787?
7
What is the units digit of 340739692?
2
What is the hundred thousands digit of 861299254?
2
What is the units digit of 516924830?
0
What is the tens digit of 38415024?
2
What is the ten millions digit of 108399716?
0
What is the tens digit of 913960283?
8
What is the tens digit of 7495698812?
1
What is the ten thousands digit of 198519115?
1
What is the units digit of 71440442?
2
What is the tens digit of 1614449230?
3
What is the thousands digit of 29687072?
7
What is the thousands digit of 300748767?
8
What is the tens digit of 225771899?
9
What is the hundreds digit of 53820838?
8
What is the hundred millions digit of 1951071261?
9
What is the hundred thousands digit of 422066616?
0
What is the tens digit of 1967073901?
0
What is the thousands digit of 3315111117?
1
What is the tens digit of 9465693?
9
What is the hundred thousands digit of 594944277?
9
What is the hundred thousands digit of 1995036440?
0
What is the hundred thousands digit of 379272260?
2
What is the ten millions digit of 48301911?
4
What is the tens digit of 90042222?
2
What is the ten millions digit of 105357778?
0
What is the hundred thousands digit of 33753671?
7
What is the ten thousands digit of 83771016?
7
What is the units digit of 14201405?
5
What is the hundred millions digit of 166823417?
1
What is the ten thousands digit of 1828350?
2
What is the units digit of 110772385?
5
What is the thousands digit of 45688897?
8
What is the hundreds digit of 647453872?
8
What is the millions digit of 1937195349?
7
What is the units digit of 643973947?
7
What is the tens digit of 2871383625?
2
What is the hundred thousands digit of 41576218?
5
What is the hundred thousands digit of 70224043?
2
What is the hundred millions digit of 388575873?
3
What is the hundred millions digit of 188445142?
1
What is the ten millions digit of 1043939864?
4
What is the hundred